ivisor of 40 and 340?
20
Calculate the greatest common factor of 35295 and 39.
39
Calculate the highest common divisor of 135 and 4995.
135
Calculate the greatest common factor of 3564 and 693.
99
What is the highest common factor of 8 and 1024?
8
Calculate the highest common factor of 33 and 891.
33
Calculate the greatest common divisor of 10 and 690.
10
Calculate the greatest common factor of 90 and 1638.
18
What is the highest common factor of 688 and 288?
16
What is the greatest common divisor of 722 and 418?
38
Calculate the highest common divisor of 121 and 11.
11
Calculate the highest common factor of 1836 and 1890.
54
Calculate the highest common divisor of 7 and 119.
7
Calculate the highest common divisor of 24 and 12.
12
Calculate the highest common divisor of 7409 and 93.
31
Calculate the highest common factor of 18 and 36.
18
What is the highest common divisor of 5 and 205?
5
Calculate the highest common divisor of 35 and 805.
35
What is the highest common factor of 960 and 1128?
24
Calculate the greatest common factor of 28 and 742.
14
Calculate the highest common divisor of 1200 and 17520.
240
Calculate the greatest common factor of 6137 and 34.
17
Calculate the greatest common factor of 390 and 156.
78
Calculate the highest common factor of 18 and 333.
9
What is the greatest common divisor of 20 and 212?
4
Calculate the greatest common divisor of 26 and 26.
26
What is the greatest common divisor of 588 and 168?
84
What is the highest common factor of 32 and 56?
8
What is the greatest common divisor of 20 and 8270?
10
Calculate the highest common factor of 78 and 3.
3
What is the highest common divisor of 42 and 798?
42
What is the highest common factor of 3696 and 210?
42
What is the highest common factor of 31 and 496?
31
Calculate the highest common divisor of 385 and 77.
77
What is the highest common factor of 115 and 161?
23
What is the greatest common divisor of 8 and 40?
8
What is the highest common factor of 1551 and 11?
11
Calculate the greatest common divisor of 11 and 649.
11
Calculate the greatest common divisor of 442 and 117.
13
What is the greatest common factor of 22 and 2?
2
Calculate the greatest common divisor of 58 and 1566.
58
What is the highest common divisor of 192 and 48?
48
Calculate the greatest common factor of 250 and 30.
10
Calculate the highest common factor of 925 and 3145.
185
What is the highest common divisor of 7942 and 1254?
418
Calculate the greatest common divisor of 2704 and 16.
16
Calculate the greatest common factor of 9020 and 440.
220
What is the highest common factor of 6 and 22?
2
What is the highest common factor of 3194 and 2?
2
Calculate the greatest common factor of 105 and 320.
5
What is the greatest common divisor of 396 and 9?
9
Calculate the greatest common divisor of 68 and 23834.
34
Calculate the highest common divisor of 490 and 700.
70
Calculate the highest common factor of 86 and 602.
86
Calculate the highest common factor of 16 and 976.
16
What is the highest common divisor of 1767 and 456?
57
What is the greatest common factor of 128 and 456?
8
Calculate the greatest common divisor of 728 and 70.
14
Calculate the greatest common divisor of 2875 and 230.
115
Calculate the greatest common divisor of 159 and 424.
53
Calculate the highest common divisor of 6097 and 91.
91
What is the highest common factor of 148 and 2183?
37
Calculate the highest common divisor of 58 and 34.
2
Calculate the greatest common divisor of 32155 and 118.
59
Calculate the highest common factor of 442 and 238.
34
What is the greatest common divisor of 405 and 90?
45
What is the highest common factor of 8990 and 155?
155
Calculate the highest common factor of 80 and 310.
10
What is the greatest common divisor of 3 and 5?
1
What is the greatest common factor of 33 and 33?
33
What is the greatest common factor of 6 and 11?
1
What is the highest common divisor of 26 and 2054?
26
What is the greatest common factor of 119 and 1309?
119
What is the greatest common divisor of 246 and 87?
3
Calculate the highest common factor of 5526 and 63.
9
Calculate the greatest common factor of 256 and 832.
64
Calculate the highest common factor of 198 and 72.
18
What is the greatest common factor of 5135 and 869?
79
What is the highest common divisor of 4710 and 90?
30
Calculate the highest common divisor of 66 and 4.
2
What is the highest common factor of 162 and 8667?
81
What is the greatest common divisor of 1104 and 432?
48
What is the greatest common divisor of 35551 and 73?
73
Calculate the greatest common factor of 749 and 7.
7
Calculate the greatest common factor of 33 and 55.
11
What is the highest common factor of 4142 and 247?
19
Calculate the greatest common divisor of 4 and 28.
4
What is the greatest common divisor of 36 and 234?
18
Calculate the highest common divisor of 117 and 3393.
117
What is the greatest common divisor of 1446 and 168?
6
What is the highest common factor of 75 and 1275?
75
What is the greatest common divisor of 14605 and 46?
23
Calculate the greatest common factor of 48 and 672.
48
What is the highest common divisor of 504 and 56?
56
Calculate the highest common divisor of 286 and 33.
11
What is the greatest common divisor of 407 and 33?
11
What is the greatest common divisor of 56 and 264?
8
Calculate the highest common divisor of 18 and 3582.
18
Calculate the greatest common divisor of 174 and 29754.
174
Calculate the highest common divisor of 29570 and 10.
10
Calculate the highest common divisor of 243 and 54.
27
Calculate the highest common divisor of 90 and 288.
18
Calculate the highest common divisor of 121455 and 45.
45
Calculate the greatest common factor of 816 and 192.
48
Calculate the highest common factor of 168 and 216.
24
Calculate the greatest common factor of 490 and 210.
70
Calculate the highest common divisor of 368 and 3056.
16
Calculate the greatest common factor of 22 and 209.
11
Calculate the greatest common divisor of 64 and 560.
16
What is the highest common divisor of 561 and 55?
11
Calculate the highest common divisor of 132 and 420.
12
What is the highest common factor of 1793 and 22?
11
What is the greatest common divisor of 2911 and 71?
71
Calculate the highest common factor of 42 and 18.
6
What is the greatest common divisor of 14 and 826?
14
What is the highest common divisor of 71 and 923?
71
Calculate the greatest common factor of 7756 and 84.
28
Calculate the greatest common divisor of 24 and 42.
6
What is the greatest common divisor of 266 and 70?
14
What is the highest common factor of 62 and 226?
2
Calculate the highest common factor of 132 and 198.
66
Calculate the greatest common factor of 413 and 59.
59
Calculate the greatest common divisor of 5842 and 1778.
254
Calculate the greatest common divisor of 3584 and 392.
56
Calculate the greatest common factor of 272 and 512.
16
Calculate the highest common factor of 213 and 6887.
71
What is the greatest common factor of 50 and 325?
25
Calculate the highest common factor of 50 and 3550.
50
What is the greatest common factor of 5 and 905?
5
What is the highest common divisor of 39 and 1638?
39
What is the greatest common factor of 376 and 14?
2
What is the greatest common factor of 104 and 48?
8
What is the greatest common divisor of 702 and 54?
54
Calculate the highest common divisor of 144 and 792.
72
Calculate the highest common factor of 18 and 2286.
18
What is the highest common factor of 782 and 272?
34
Calculate the highest common factor of 65 and 17199.
13
What is the highest common factor of 1148 and 1312?
164
What is the greatest common factor of 16 and 52?
4
What is the greatest common divisor of 682 and 44?
22
Calculate the highest common divisor of 1183 and 21.
7
Calculate the highest common divisor of 8181 and 81.
81
Calculate the highest common factor of 60 and 2634.
6
What is the greatest common factor of 1922 and 248?
62
Calculate the highest common factor of 606 and 18.
6
What is the greatest common divisor of 10 and 5210?
10
Calculate the greatest common factor of 420 and 196.
28
Calculate the greatest common divisor of 384 and 1752.
24
What is the greatest common factor of 46 and 16192?
46
What is the greatest common factor of 3439 and 95?
19
Calculate the greatest common di